{"id":1902,"date":"2016-11-27T03:17:18","date_gmt":"2016-11-27T01:17:18","guid":{"rendered":"http:\/\/neu.paramente.net\/?page_id=1902"},"modified":"2018-02-24T15:02:48","modified_gmt":"2018-02-24T13:02:48","slug":"rafael-seitz","status":"publish","type":"page","link":"https:\/\/www.paramente.net\/fr\/rafael-seitz\/","title":{"rendered":"Raphael Seitz"},"content":{"rendered":"<p><span style=\"font-size: 18px;\"><strong><span style=\"color: #8e1022;\">1957<\/span> <\/strong><\/span><br \/>\n<span style=\"font-size: 18px;\"> n\u00e9 \u00e0 Heilbronn<\/span><\/p>\n<p><span style=\"font-size: 18px;\"><strong><span style=\"color: #8e1022;\">1979-1988<\/span> <\/strong><\/span><br \/>\n<span style=\"font-size: 18px;\"> A \u00e9tudi\u00e9 la peinture et le design du verre \u00e0 l&#039;Acad\u00e9mie des Beaux-Arts de Stuttgart sous Rudolf Haegele, Gottfried von Stockhausen et Ludwig Schaffrath<\/span><\/p>\n<p><span style=\"font-size: 18px;\"><strong><span style=\"color: #8e1022;\">1980-1984<\/span> <\/strong><\/span><br \/>\n<span style=\"font-size: 18px;\"> A \u00e9tudi\u00e9 l&#039;histoire de l&#039;art \u00e0 l&#039;Universit\u00e9 de Stuttgart avec Werner Sumowski<\/span><\/p>\n<p><span style=\"font-size: 18px;\"><strong><span style=\"color: #8e1022;\">depuis 1991<\/span><\/strong><\/span><br \/>\n<span style=\"font-size: 18px;\"> ind\u00e9pendant et vit \u00e0 Heilbronn<\/span><\/p>\n<p><span style=\"font-size: 18px;\"><strong><span style=\"color: #8e1022;\">depuis 2011<\/span><\/strong><\/span><br \/>\n<span style=\"font-size: 18px;\"> Professeur invit\u00e9 \u00e0 Hope University Liverpool<\/span><\/p>\n<p><span style=\"font-size: 18px;\"><strong><span style=\"color: #8e1022;\">\u2020 2015<\/span><\/strong><\/span><\/p>","protected":false},"excerpt":{"rendered":"<p>1957 in Heilbronn geboren 1979\u20131988 Studium der Malerei und Glasgestaltung an der Akademie der Bildenden K\u00fcnste Stuttgart bei Rudolf Haegele, Gottfried von Stockhausen und Ludwig Schaffrath 1980\u20131984 Studium der Kunstgeschichte an der Universit\u00e4t Stuttgart bei Werner Sumowski seit 1991 freischaffend t\u00e4tig und lebt in Heilbronn seit 2011 Gastprofessur an der Hope University Liverpool \u2020 2015<\/p>","protected":false},"author":1,"featured_media":0,"parent":0,"menu_order":0,"comment_status":"closed","ping_status":"closed","template":"","meta":{"footnotes":""},"class_list":["post-1902","page","type-page","status-publish","hentry","entry","no-media"],"yoast_head":"<!-- This site is optimized with the Yoast SEO plugin v27.4 - https:\/\/yoast.com\/product\/yoast-seo-wordpress\/ -->\n<title>Raphael Seitz - Clemens Jansen &amp; Co<\/title>\n<meta name=\"robots\" content=\"index, follow, max-snippet:-1, max-image-preview:large, max-video-preview:-1\" \/>\n<link rel=\"canonical\" href=\"https:\/\/www.paramente.net\/fr\/rafael-seitz\/\" \/>\n<meta property=\"og:locale\" content=\"fr_FR\" \/>\n<meta property=\"og:type\" content=\"article\" \/>\n<meta property=\"og:title\" content=\"Raphael Seitz - Clemens Jansen &amp; Co\" \/>\n<meta property=\"og:description\" content=\"1957 in Heilbronn geboren 1979\u20131988 Studium der Malerei und Glasgestaltung an der Akademie der Bildenden K\u00fcnste Stuttgart bei Rudolf Haegele, Gottfried von Stockhausen und Ludwig Schaffrath 1980\u20131984 Studium der Kunstgeschichte an der Universit\u00e4t Stuttgart bei Werner Sumowski seit 1991 freischaffend t\u00e4tig und lebt in Heilbronn seit 2011 Gastprofessur an der Hope University Liverpool \u2020 2015\" \/>\n<meta property=\"og:url\" content=\"https:\/\/www.paramente.net\/fr\/rafael-seitz\/\" \/>\n<meta property=\"og:site_name\" content=\"Clemens Jansen &amp; Co\" \/>\n<meta property=\"article:modified_time\" content=\"2018-02-24T13:02:48+00:00\" \/>\n<meta name=\"twitter:card\" content=\"summary_large_image\" \/>\n<script type=\"application\/ld+json\" class=\"yoast-schema-graph\">{\"@context\":\"https:\\\/\\\/schema.org\",\"@graph\":[{\"@type\":\"WebPage\",\"@id\":\"https:\\\/\\\/www.paramente.net\\\/rafael-seitz\\\/\",\"url\":\"https:\\\/\\\/www.paramente.net\\\/rafael-seitz\\\/\",\"name\":\"Raphael Seitz - Clemens Jansen &amp; Co\",\"isPartOf\":{\"@id\":\"https:\\\/\\\/www.paramente.net\\\/#website\"},\"datePublished\":\"2016-11-27T01:17:18+00:00\",\"dateModified\":\"2018-02-24T13:02:48+00:00\",\"breadcrumb\":{\"@id\":\"https:\\\/\\\/www.paramente.net\\\/rafael-seitz\\\/#breadcrumb\"},\"inLanguage\":\"fr-FR\",\"potentialAction\":[{\"@type\":\"ReadAction\",\"target\":[\"https:\\\/\\\/www.paramente.net\\\/rafael-seitz\\\/\"]}]},{\"@type\":\"BreadcrumbList\",\"@id\":\"https:\\\/\\\/www.paramente.net\\\/rafael-seitz\\\/#breadcrumb\",\"itemListElement\":[{\"@type\":\"ListItem\",\"position\":1,\"name\":\"Startseite\",\"item\":\"https:\\\/\\\/www.paramente.net\\\/\"},{\"@type\":\"ListItem\",\"position\":2,\"name\":\"Raphael Seitz\"}]},{\"@type\":\"WebSite\",\"@id\":\"https:\\\/\\\/www.paramente.net\\\/#website\",\"url\":\"https:\\\/\\\/www.paramente.net\\\/\",\"name\":\"Clemens Jansen & Co\",\"description\":\"Hersteller und Lieferant f\u00fcr individuellen Kirchenbedarf\",\"publisher\":{\"@id\":\"https:\\\/\\\/www.paramente.net\\\/#organization\"},\"potentialAction\":[{\"@type\":\"SearchAction\",\"target\":{\"@type\":\"EntryPoint\",\"urlTemplate\":\"https:\\\/\\\/www.paramente.net\\\/?s={search_term_string}\"},\"query-input\":{\"@type\":\"PropertyValueSpecification\",\"valueRequired\":true,\"valueName\":\"search_term_string\"}}],\"inLanguage\":\"fr-FR\"},{\"@type\":\"Organization\",\"@id\":\"https:\\\/\\\/www.paramente.net\\\/#organization\",\"name\":\"Clemens Jansen & Co\",\"url\":\"https:\\\/\\\/www.paramente.net\\\/\",\"logo\":{\"@type\":\"ImageObject\",\"inLanguage\":\"fr-FR\",\"@id\":\"https:\\\/\\\/www.paramente.net\\\/#\\\/schema\\\/logo\\\/image\\\/\",\"url\":\"https:\\\/\\\/www.paramente.net\\\/wp-content\\\/uploads\\\/2016\\\/11\\\/paramente-logo.png\",\"contentUrl\":\"https:\\\/\\\/www.paramente.net\\\/wp-content\\\/uploads\\\/2016\\\/11\\\/paramente-logo.png\",\"width\":162,\"height\":162,\"caption\":\"Clemens Jansen & Co\"},\"image\":{\"@id\":\"https:\\\/\\\/www.paramente.net\\\/#\\\/schema\\\/logo\\\/image\\\/\"}}]}<\/script>\n<!-- \/ Yoast SEO plugin. -->","yoast_head_json":{"title":"Raphael Seitz - Clemens Jansen &amp; Co","robots":{"index":"index","follow":"follow","max-snippet":"max-snippet:-1","max-image-preview":"max-image-preview:large","max-video-preview":"max-video-preview:-1"},"canonical":"https:\/\/www.paramente.net\/fr\/rafael-seitz\/","og_locale":"fr_FR","og_type":"article","og_title":"Raphael Seitz - Clemens Jansen &amp; Co","og_description":"1957 in Heilbronn geboren 1979\u20131988 Studium der Malerei und Glasgestaltung an der Akademie der Bildenden K\u00fcnste Stuttgart bei Rudolf Haegele, Gottfried von Stockhausen und Ludwig Schaffrath 1980\u20131984 Studium der Kunstgeschichte an der Universit\u00e4t Stuttgart bei Werner Sumowski seit 1991 freischaffend t\u00e4tig und lebt in Heilbronn seit 2011 Gastprofessur an der Hope University Liverpool \u2020 2015","og_url":"https:\/\/www.paramente.net\/fr\/rafael-seitz\/","og_site_name":"Clemens Jansen &amp; Co","article_modified_time":"2018-02-24T13:02:48+00:00","twitter_card":"summary_large_image","schema":{"@context":"https:\/\/schema.org","@graph":[{"@type":"WebPage","@id":"https:\/\/www.paramente.net\/rafael-seitz\/","url":"https:\/\/www.paramente.net\/rafael-seitz\/","name":"Raphael Seitz - Clemens Jansen &amp; Co","isPartOf":{"@id":"https:\/\/www.paramente.net\/#website"},"datePublished":"2016-11-27T01:17:18+00:00","dateModified":"2018-02-24T13:02:48+00:00","breadcrumb":{"@id":"https:\/\/www.paramente.net\/rafael-seitz\/#breadcrumb"},"inLanguage":"fr-FR","potentialAction":[{"@type":"ReadAction","target":["https:\/\/www.paramente.net\/rafael-seitz\/"]}]},{"@type":"BreadcrumbList","@id":"https:\/\/www.paramente.net\/rafael-seitz\/#breadcrumb","itemListElement":[{"@type":"ListItem","position":1,"name":"Startseite","item":"https:\/\/www.paramente.net\/"},{"@type":"ListItem","position":2,"name":"Raphael Seitz"}]},{"@type":"WebSite","@id":"https:\/\/www.paramente.net\/#website","url":"https:\/\/www.paramente.net\/","name":"Clemens Jansen &amp; Co","description":"Fabricant et fournisseur pour les besoins individuels de l&#039;\u00e9glise","publisher":{"@id":"https:\/\/www.paramente.net\/#organization"},"potentialAction":[{"@type":"SearchAction","target":{"@type":"EntryPoint","urlTemplate":"https:\/\/www.paramente.net\/?s={search_term_string}"},"query-input":{"@type":"PropertyValueSpecification","valueRequired":true,"valueName":"search_term_string"}}],"inLanguage":"fr-FR"},{"@type":"Organization","@id":"https:\/\/www.paramente.net\/#organization","name":"Clemens Jansen &amp; Co","url":"https:\/\/www.paramente.net\/","logo":{"@type":"ImageObject","inLanguage":"fr-FR","@id":"https:\/\/www.paramente.net\/#\/schema\/logo\/image\/","url":"https:\/\/www.paramente.net\/wp-content\/uploads\/2016\/11\/paramente-logo.png","contentUrl":"https:\/\/www.paramente.net\/wp-content\/uploads\/2016\/11\/paramente-logo.png","width":162,"height":162,"caption":"Clemens Jansen & Co"},"image":{"@id":"https:\/\/www.paramente.net\/#\/schema\/logo\/image\/"}}]}},"_links":{"self":[{"href":"https:\/\/www.paramente.net\/fr\/wp-json\/wp\/v2\/pages\/1902","targetHints":{"allow":["GET"]}}],"collection":[{"href":"https:\/\/www.paramente.net\/fr\/wp-json\/wp\/v2\/pages"}],"about":[{"href":"https:\/\/www.paramente.net\/fr\/wp-json\/wp\/v2\/types\/page"}],"author":[{"embeddable":true,"href":"https:\/\/www.paramente.net\/fr\/wp-json\/wp\/v2\/users\/1"}],"replies":[{"embeddable":true,"href":"https:\/\/www.paramente.net\/fr\/wp-json\/wp\/v2\/comments?post=1902"}],"version-history":[{"count":3,"href":"https:\/\/www.paramente.net\/fr\/wp-json\/wp\/v2\/pages\/1902\/revisions"}],"predecessor-version":[{"id":2475,"href":"https:\/\/www.paramente.net\/fr\/wp-json\/wp\/v2\/pages\/1902\/revisions\/2475"}],"wp:attachment":[{"href":"https:\/\/www.paramente.net\/fr\/wp-json\/wp\/v2\/media?parent=1902"}],"curies":[{"name":"wp","href":"https:\/\/api.w.org\/{rel}","templated":true}]}}

<p><span style="font-size: 18px;"><strong><span style="color: #8e1022;">1957</span> </strong></span><br />
<span style="font-size: 18px;"> né à Heilbronn</span></p>
<p><span style="font-size: 18px;"><strong><span style="color: #8e1022;">1979-1988</span> </strong></span><br />
<span style="font-size: 18px;"> A étudié la peinture et le design du verre à l&#039;Académie des Beaux-Arts de Stuttgart sous Rudolf Haegele, Gottfried von Stockhausen et Ludwig Schaffrath</span></p>
<p><span style="font-size: 18px;"><strong><span style="color: #8e1022;">1980-1984</span> </strong></span><br />
<span style="font-size: 18px;"> A étudié l&#039;histoire de l&#039;art à l&#039;Université de Stuttgart avec Werner Sumowski</span></p>
<p><span style="font-size: 18px;"><strong><span style="color: #8e1022;">depuis 1991</span></strong></span><br />
<span style="font-size: 18px;"> indépendant et vit à Heilbronn</span></p>
<p><span style="font-size: 18px;"><strong><span style="color: #8e1022;">depuis 2011</span></strong></span><br />
<span style="font-size: 18px;"> Professeur invité à Hope University Liverpool</span></p>
<p><span style="font-size: 18px;"><strong><span style="color: #8e1022;">† 2015</span></strong></span></p>

<p>1957 in Heilbronn geboren 1979–1988 Studium der Malerei und Glasgestaltung an der Akademie der Bildenden Künste Stuttgart bei Rudolf Haegele, Gottfried von Stockhausen und Ludwig Schaffrath 1980–1984 Studium der Kunstgeschichte an der Universität Stuttgart bei Werner Sumowski seit 1991 freischaffend tätig und lebt in Heilbronn seit 2011 Gastprofessur an der Hope University Liverpool † 2015</p>

<!-- This site is optimized with the Yoast SEO plugin v27.4 - https://yoast.com/product/yoast-seo-wordpress/ -->
<title>Raphael Seitz - Clemens Jansen &amp; Co</title>
<meta name="robots" content="index, follow, max-snippet:-1, max-image-preview:large, max-video-preview:-1" />
<link rel="canonical" href="https://www.paramente.net/fr/rafael-seitz/" />
<meta property="og:locale" content="fr_FR" />
<meta property="og:type" content="article" />
<meta property="og:title" content="Raphael Seitz - Clemens Jansen &amp; Co" />
<meta property="og:description" content="1957 in Heilbronn geboren 1979–1988 Studium der Malerei und Glasgestaltung an der Akademie der Bildenden Künste Stuttgart bei Rudolf Haegele, Gottfried von Stockhausen und Ludwig Schaffrath 1980–1984 Studium der Kunstgeschichte an der Universität Stuttgart bei Werner Sumowski seit 1991 freischaffend tätig und lebt in Heilbronn seit 2011 Gastprofessur an der Hope University Liverpool † 2015" />
<meta property="og:url" content="https://www.paramente.net/fr/rafael-seitz/" />
<meta property="og:site_name" content="Clemens Jansen &amp; Co" />
<meta property="article:modified_time" content="2018-02-24T13:02:48+00:00" />
<meta name="twitter:card" content="summary_large_image" />
<script type="application/ld+json" class="yoast-schema-graph">{"@context":"https:\/\/schema.org","@graph":[{"@type":"WebPage","@id":"https:\/\/www.paramente.net\/rafael-seitz\/","url":"https:\/\/www.paramente.net\/rafael-seitz\/","name":"Raphael Seitz - Clemens Jansen &amp; Co","isPartOf":{"@id":"https:\/\/www.paramente.net\/#website"},"datePublished":"2016-11-27T01:17:18+00:00","dateModified":"2018-02-24T13:02:48+00:00","breadcrumb":{"@id":"https:\/\/www.paramente.net\/rafael-seitz\/#breadcrumb"},"inLanguage":"fr-FR","potentialAction":[{"@type":"ReadAction","target":["https:\/\/www.paramente.net\/rafael-seitz\/"]}]},{"@type":"BreadcrumbList","@id":"https:\/\/www.paramente.net\/rafael-seitz\/#breadcrumb","itemListElement":[{"@type":"ListItem","position":1,"name":"Startseite","item":"https:\/\/www.paramente.net\/"},{"@type":"ListItem","position":2,"name":"Raphael Seitz"}]},{"@type":"WebSite","@id":"https:\/\/www.paramente.net\/#website","url":"https:\/\/www.paramente.net\/","name":"Clemens Jansen & Co","description":"Hersteller und Lieferant für individuellen Kirchenbedarf","publisher":{"@id":"https:\/\/www.paramente.net\/#organization"},"potentialAction":[{"@type":"SearchAction","target":{"@type":"EntryPoint","urlTemplate":"https:\/\/www.paramente.net\/?s={search_term_string}"},"query-input":{"@type":"PropertyValueSpecification","valueRequired":true,"valueName":"search_term_string"}}],"inLanguage":"fr-FR"},{"@type":"Organization","@id":"https:\/\/www.paramente.net\/#organization","name":"Clemens Jansen & Co","url":"https:\/\/www.paramente.net\/","logo":{"@type":"ImageObject","inLanguage":"fr-FR","@id":"https:\/\/www.paramente.net\/#\/schema\/logo\/image\/","url":"https:\/\/www.paramente.net\/wp-content\/uploads\/2016\/11\/paramente-logo.png","contentUrl":"https:\/\/www.paramente.net\/wp-content\/uploads\/2016\/11\/paramente-logo.png","width":162,"height":162,"caption":"Clemens Jansen & Co"},"image":{"@id":"https:\/\/www.paramente.net\/#\/schema\/logo\/image\/"}}]}</script>
<!-- / Yoast SEO plugin. -->

1957 in Heilbronn geboren 1979–1988 Studium der Malerei und Glasgestaltung an der Akademie der Bildenden Künste Stuttgart bei Rudolf Haegele, Gottfried von Stockhausen und Ludwig Schaffrath 1980–1984 Studium der Kunstgeschichte an der Universität Stuttgart bei Werner Sumowski seit 1991 freischaffend tätig und lebt in Heilbronn seit 2011 Gastprofessur an der Hope University Liverpool † 2015

Fabricant et fournisseur pour les besoins individuels de l&#039;église
